ate the highest common factor of n and 147.
3
Let r = 285 + 51. Calculate the greatest common divisor of r and 21.
21
Let g be -2*(3/(-1) - 12/8). What is the highest common factor of g and 171?
9
Let z = 38 - 44. Let v(m) = m**2 + 5*m + 4. Let l be v(z). Calculate the greatest common factor of l and 80.
10
Let q = -548 + 570. What is the highest common divisor of q and 11?
11
Suppose -3*g = -8*g - 2*p + 175, 3*p = 3*g - 105. Let h(f) = 30*f + 140. Let l be h(0). What is the highest common factor of l and g?
35
Let y = 7 - -83. Suppose -4*v - y = -10*v. What is the highest common factor of v and 3?
3
Suppose -56 = 14*y - 7*y. Let q(k) = -k + 8. Let s be q(y). Calculate the greatest common divisor of s and 112.
16
Suppose 15 = 5*j, 2*a + 67 = -0*a - j. Let t = a + 39. Suppose -48 = z - 4*z + 4*d, 0 = 3*z - 3*d - 48. What is the greatest common divisor of z and t?
4
Let f(i) be the first derivative of i**3/3 + 2*i**2 + 5*i + 6. Let x be f(-3). Let t be 126/24 - x/8. Calculate the greatest common factor of 5 and t.
5
Let r(v) = -2*v + 18. Let y be r(3). Suppose 4*w + 5*b = 192, 2*b + 3*b = 0. Calculate the highest common factor of w and y.
12
Let q be (-1154)/(-7) - (-1)/7. Suppose 4*x - 28 = 2*c - 72, -5*c = x - q. Calculate the greatest common divisor of 24 and c.
8
Suppose -2*s + 22 = 3*s - 2*j, 2*s - 4 = -4*j. Suppose -5*k + 30 = s*b, b - 3*b + 18 = k. What is the highest common divisor of 30 and b?
10
Let a(t) = t**3 + 11*t**2 - 6*t. Let l be a(-6). Suppose -2*v = -3*b - 45, 4*v + 29 = -4*b + 129. What is the greatest common divisor of v and l?
24
Suppose 16*x - 3325 = -3*x. What is the greatest common divisor of x and 28?
7
Suppose 4*n - 6*a = -3*a - 303, a = 5*n + 387. Let h = 88 + n. Calculate the highest common divisor of 20 and h.
10
Let m(w) = -w**2 + 4*w + 144. Let q be m(-10). Let d = -21 + 41. Let r = d - q. What is the greatest common factor of 112 and r?
16
Let s be -1*(0/1)/(-2). Let k be 42*((-3)/(-2) + s). Suppose 6*x - x - 51 = 3*g, 0 = -5*x - 2*g + 41. Calculate the highest common divisor of x and k.
9
Let r(s) = s + 44. Let h(i) = -2*i - 43. Let d(z) = 4*h(z) + 3*r(z). Let c be d(-14). What is the highest common factor of 40 and c?
10
Let m be (2 + -6)*(-398)/8. Let t = -114 + m. Let c(q) = 4*q + 101. Let k be c(-21). Calculate the greatest common factor of k and t.
17
Suppose q + 0*f = 2*f + 6, 3*q = 4*f + 12. Suppose q = 4*k - 3*k - 2. Suppose 4*z - k*z - 26 = 0. What is the highest common divisor of 91 and z?
13
Let m = 362 + -190. Suppose -3*j + 7*j - m = -5*c, -4*c - 2*j + 134 = 0. What is the highest common factor of c and 8?
8
Suppose 1054*y - 1056*y = -216. Calculate the greatest common divisor of y and 60.
12
Let g be -5*6*(-8)/(-60). Let d be (g + 3)/(2/(-22)). What is the highest common divisor of d and 99?
11
Let m = -159 - -174. What is the greatest common divisor of m and 3165?
15
Let i(l) = -5*l. Let x be i(-3). Suppose -4*t = 2*m + 3*m + 8, -m = -t + 7. What is the greatest common divisor of x and t?
3
Suppose -3*z = -3*a - 69, 4*z - 5*a = -10*a + 56. Suppose z - 163 = -3*b. Let o(r) = 89*r - 195. Let n be o(3). What is the highest common factor of n and b?
24
Let b be (-92)/(-22) - 12/66. Suppose 0 = -b*f + 80 - 44. Calculate the highest common factor of f and 99.
9
Let p = -382 - -536. Suppose n + 2 = 4*r, -37 = -n + r - 21. What is the greatest common factor of n and p?
22
Let y = 29 + -5. Let k be (704/y)/((-2)/(-3)). What is the highest common factor of 44 and k?
44
Let l = 1784 + -1763. Let q = 113 - 71. What is the highest common factor of l and q?
21
Suppose -4*u + 17 = 2*p - 3, 0 = p - 3*u + 10. Let a be (-46)/14 - 4/(-14). Let l = a - -11. What is the highest common divisor of p and l?
2
Suppose -5*p + 156 = -129. Let j = p - 28. What is the greatest common divisor of j and 58?
29
Suppose 2*a + 132 = -2*a. Let y = -27 - a. Calculate the highest common divisor of 42 and y.
6
Let v(h) = 86*h - 595. Let m be v(8). Calculate the greatest common factor of m and 372.
93
Let q be (-4)/((-24)/9) - (-345)/2. Calculate the highest common factor of 6 and q.
6
Let t(i) = -57*i + 1 - 2*i - 16*i - 110*i. Let m be t(-2). Suppose -2*k + m = 5*o, 3*o + 2*k = 76 + 145. Calculate the highest common factor of o and 15.
15
Suppose -8*z = -7 - 153. Let p be (16/(-14))/((-10)/35). Suppose 5*c + 100 = 5*a - 0*c, -4*a = p*c - 80. What is the greatest common divisor of z and a?
20
Suppose -5*h + 58 = -3*u - 67, 3*h = -3*u + 51. Calculate the highest common divisor of h and 11.
11
Let o be 34/4*(-7 - -45). Calculate the highest common factor of 34 and o.
17
Let b(t) = -4*t**3 + 142*t**2 - 52*t + 9. Let y be b(35). Calculate the highest common factor of 355 and y.
71
Let b(m) = -4 + 7 + m + 7. Let f be b(-10). Suppose 3*k - 5*k + 240 = f. What is the greatest common factor of k and 48?
24
Suppose 2*q + 3 = 7. Suppose q*u + 4*j = 10, -2*u - j + 13 = -0*j. What is the highest common factor of u and 49?
7
Let l be 10*((-120)/16)/(-3). Suppose -6*c + 7*c = 225. What is the greatest common factor of c and l?
25
Let l be (-11 - 1)*25*3/12. Let a be 2/(4/(-3))*350/l. What is the greatest common factor of a and 77?
7
Suppose d - 59 = -4*o + 3*o, -2*o + 108 = 4*d. Calculate the highest common factor of o and 112.
16
Let o(i) = -14 + 0*i - 4 + 2*i + 2*i. Let v be o(6). What is the greatest common divisor of 60 and v?
6
Suppose 2*b - 62 = 6*z - 4*z, 26 = b + 4*z. Suppose -5*w + 116 = -94. Let t = 54 - w. Calculate the greatest common factor of t and b.
6
Let b = -17 + 32. Let u be (-4)/(-20) - (-582)/b. Suppose -u = -a - 0*a. What is the greatest common divisor of a and 26?
13
Let h = 159 + -82. Suppose 2*z - 9*z = -h. Calculate the highest common divisor of 11 and z.
11
Let y(m) = 4*m**2 + m**3 + 3 - 7 - m**2 - 4*m. Let w be y(-4). Let h = w - -8. Calculate the greatest common divisor of h and 12.
4
Let j(l) = l + 4. Let b be j(7). Suppose 20 = -3*s + 5, 210 = 4*f + 2*s. Calculate the greatest common factor of f and b.
11
Suppose 48*g - 44*g = 4. Suppose -f - 3*f + 48 = 0. Let q be (-3)/f - 20/(-16). Calculate the highest common factor of q and g.
1
Let v = -11 + 14. Suppose -10 = -v*b + 2. Calculate the greatest common factor of b and 4.
4
Let j be (-46 + 0)/(2 + (-11)/5). What is the greatest common factor of j and 10?
10
Let m = 51 - 34. Let p be -1 + -1 - (-14 - 0). Let d be -204*(((-45)/p)/(-5))/(-1). Calculate the greatest common factor of d and m.
17
Let x(h) = h + h + 1 - 5. Let y be x(2). Suppose y*s = 3*s - 30. What is the highest common divisor of 50 and s?
10
Suppose -38 = 2*g - 4*p, 0 = 2*g - 0*p - 2*p + 30. Let t be (3 + (g - -3))*-47. Let f = t + -165. Calculate the highest common divisor of f and 28.
14
Let f = -18 + 7. Let w = f + 19. Let t be -4*2248/(-224) - 2/14. What is the highest common factor of t and w?
8
Suppose -10*r = -3*r - 35. Calculate the greatest common factor of r and 1.
1
Suppose 2*p + y = 44, 5*y - 32 = -4*p + 56. Suppose -16 = -2*i + p. Suppose -73 = -4*h + i. What is the highest common factor of h and 184?
23
Let a(v) = -v**3 - v**2 + v + 451. Let x be a(0). Suppose 117*f - 89*f - 523 = 625. Calculate the highest common factor of x and f.
41
Let u(z) = -z**2 - 4*z + 18. Let v be u(-6). Suppose -73 = -v*r + 11. What is the highest common divisor of r and 21?
7
Suppose 215*o - 220*o = -95. Calculate the greatest common factor of 437 and o.
19
Let q(b) = 1 - 11*b + 0 - 11 - b**2. Let w be q(-10). Suppose 3*n - 2*a = 2*n + 17, w = 5*a + 5. What is the greatest common factor of n and 45?
15
Suppose 2*f - 22 = -2*x, 2*f - 17 = -3*x + 14. What is the highest common factor of x and 207?
9
Suppose 2*q - 67 - 5 = 3*c, 2*c + 72 = 2*q. Let l be 68 + (1/((-2)/(-10)) - 1). What is the greatest common factor of q and l?
36
Let f(s) be the first derivative of 11*s**2/2 - 1. Suppose -4*j + 4*t + 28 = 0, 4*t = 1 - 9. Let y be f(j). What is the highest common divisor of 11 and y?
11
Let k(a) = a**2 - 6*a - 4. Let n be k(7). What is the highest common divisor of 60 and n?
3
Let w be (-285)/(-25) + (-6)/15. Let a = 6 - 5. Calculate the highest common divisor of a and w.
1
Let h(y) = -2*y**3 + y**2 + y - 2. Let p be h(-2). Let a be 1 + 65 - (p - 12). Suppose 7 = -5*i + a. Calculate the highest common divisor of 44 a